{"id":8522,"date":"2021-08-12T13:15:21","date_gmt":"2021-08-12T11:15:21","guid":{"rendered":"https:\/\/www.forpol.es\/obras-realizadas\/murs-de-formigo-armat\/"},"modified":"2022-10-26T05:52:12","modified_gmt":"2022-10-26T03:52:12","slug":"murs-de-formigo-armat","status":"publish","type":"obras-realizadas","link":"https:\/\/www.forpol.es\/ca\/obras-realizadas\/murs-de-formigo-armat\/","title":{"rendered":"Murs de formig\u00f3 armat"},"content":{"rendered":"<h2>CONSTRUCCI\u00d3 DE MURS DE FORMIG\u00d3 ARMAT<\/h2>\n<h3 id=\"cc-m-header-11311981798\">CONSTRUCCI\u00d3 D&#8217; HABITATGE UNIFAMILIAR A\u00cfLLAT MUR DE CONTENCI\u00d3 ARMAT<\/h3>\n<div id=\"cc-m-11311981998\" class=\"j-module n j-header \">\n<p id=\"cc-m-header-11311981998\">Murs de formig\u00f3 armat:<\/p>\n<\/div>\n<div id=\"cc-m-11311982098\" class=\"j-module n j-text \">\n<h4><strong>MUR PREFABRICAT<\/strong><\/h4>\n<ul>\n<li>Mur prefabricat, constitu\u00eft per dues llasses de 5 cm paral\u00b7<\/li>\n<li>els gruixos del mur estan en funci\u00f3 de les c\u00e0rregues i longituds descrites a continuaci\u00f3.<\/li>\n<li>Amb bisell exterior o juntes cada 1.2 m verticalment.<\/li>\n<li>Formig\u00f3 HA-25 a les cares del prefabricat, acer B-500-S, a l&#8217; interior del prefabricat.<\/li>\n<li>En el cas de realitzar el c\u00e0lcul de fonamentaci\u00f3 i mur pel departament t\u00e8cnic de FORPOL ESTRUCTURAS, S.L. aquest s&#8217; ajustar\u00e0 a la norma EHE, EFHE, Euroc\u00f3digo, NT d&#8217; estructures i bibliografia del professor J.Calavera.<\/li>\n<li>Toler\u00e0ncia en qualsevol de les dimensions de les plaques + &#8211; 2 cm.<\/li>\n<\/ul>\n<h4 class=\"title single-title entry-title\"><strong>Caracter\u00edstiques mur de formig\u00f3 armat:<\/strong><\/h4>\n<ul>\n<li>Els murs de&nbsp; formig\u00f3 armat s\u00f3n d&#8217; un material compost proporcionant la compressi\u00f3 superior i resist\u00e8ncia a la tracci\u00f3.<\/li>\n<li>D&#8217; acord amb l&#8217; Institut per a formig\u00f3 armat d&#8217; acer.<\/li>\n<li>D&#8217; \u00fas general en la construcci\u00f3 de murs de contenci\u00f3 de terres, el mur de formig\u00f3 armat \u00e9s un dels materials de construcci\u00f3 m\u00e9s econ\u00f2mic i duradors.<\/li>\n<\/ul>\n<h4><strong>Alguna de les&nbsp;caracter\u00edstiques que t\u00e9 el mur de formig\u00f3 armat:<\/strong><\/h4>\n<ul>\n<li>Els materials per construir el mur de contenci\u00f3 de formig\u00f3 armat es pot construir arreu del m\u00f3n ja que els materials es poden aconseguir f\u00e0cilment.<\/li>\n<li>No necessita res de manteniment i de la mateixa manera t\u00e9 molta durabilitat.<\/li>\n<li>T\u00e9 un gran volum i pes.<\/li>\n<li>Per aix\u00f2 \u00e9s que les estructures antis\u00edsmiques estan fetes amb el millor formig\u00f3.<\/li>\n<li>Relaci\u00f3 alta en durabilitat-for\u00e7a<\/li>\n<li>Toler\u00e0ncia alta de la tensi\u00f3 de tracci\u00f3.<\/li>\n<li>L&#8217; acer i el formig\u00f3 s&#8217; adhereixen molt fortament entre si, ja que tenen aproximadament el mateix coeficient de dilataci\u00f3.<\/li>\n<li>Aquestes poden ser algunes de les millors caracter\u00edstiques del mur de formig\u00f3 armat.<\/li>\n<\/ul>\n<p>&nbsp;<\/p>\n<p>HABITATGES UNIFAMILIARS AMB MUR DE FORMIG\u00d3 ARMAT PER A LA CONTENCI\u00d3 DE TERRES.<\/p>\n<\/div>\n<div id=\"cc-m-11311982198\" class=\"j-module n j-spacing \"><\/div>\n\n\n<p><strong><a href=\"https:\/\/www.forpol.es\/ca\/prefabricados-hormigon\/mur-prefabricat-precomur\/\" target=\"_blank\" rel=\"noreferrer noopener\">MUR PRECOMUR<\/a><\/strong><\/p>\n","protected":false},"excerpt":{"rendered":"<p>CONSTRUCCI\u00d3 D&#8217;HABITATGE UNIFAMILIAR A\u00cfLLAT -MUR DE CONTENCI\u00d3 ARMAT-<br \/>\nConstrucci\u00f3 de murs de formig\u00f3 armat per a la contenci\u00f3 de terres.<br \/>\nA FORPOL pots veure tots els detalls de construcci\u00f3 dels murs<\/p>\n","protected":false},"featured_media":7629,"template":"","tipo":[76],"class_list":["post-8522","obras-realizadas","type-obras-realizadas","status-publish","has-post-thumbnail","hentry","tipo-prefabricats-de-formigo"],"acf":[],"yoast_head":"<!-- This site is optimized with the Yoast SEO Premium plugin v20.12 (Yoast SEO v27.5) - https:\/\/yoast.com\/product\/yoast-seo-premium-wordpress\/ -->\n<title>Murs de formig\u00f3 armat per a la contenci\u00f3 de terres ? Preus 2026<\/title>\n<meta name=\"description\" content=\"Construcci\u00f3 de murs de formig\u00f3 armat per a la contenci\u00f3 de terres \u2705 A FORPOL pots veure tots els detalls de construcci\u00f3 dels murs\" \/>\n<meta name=\"robots\" content=\"index, follow, max-snippet:-1, max-image-preview:large, max-video-preview:-1\" \/>\n<link rel=\"canonical\" href=\"https:\/\/www.forpol.es\/ca\/obras-realizadas\/murs-de-formigo-armat\/\" \/>\n<meta property=\"og:locale\" content=\"ca_ES\" \/>\n<meta property=\"og:type\" content=\"article\" \/>\n<meta property=\"og:title\" content=\"Murs de formig\u00f3 armat\" \/>\n<meta property=\"og:description\" content=\"Construcci\u00f3 de murs de formig\u00f3 armat per a la contenci\u00f3 de terres \u2705 A FORPOL pots veure tots els detalls de construcci\u00f3 dels murs\" \/>\n<meta property=\"og:url\" content=\"https:\/\/www.forpol.es\/ca\/obras-realizadas\/murs-de-formigo-armat\/\" \/>\n<meta property=\"og:site_name\" content=\"Forpol\" \/>\n<meta property=\"article:publisher\" content=\"https:\/\/www.facebook.com\/forpolestructuras\/\" \/>\n<meta property=\"article:modified_time\" content=\"2022-10-26T03:52:12+00:00\" \/>\n<meta property=\"og:image\" content=\"https:\/\/www.forpol.es\/wp-content\/uploads\/2021\/08\/OK-VIVIENDA-UNIFAMILIAR-EN-LA-LLACUNA-4.jpg\" \/>\n\t<meta property=\"og:image:width\" content=\"1600\" \/>\n\t<meta property=\"og:image:height\" content=\"1200\" \/>\n\t<meta property=\"og:image:type\" content=\"image\/jpeg\" \/>\n<meta name=\"twitter:card\" content=\"summary_large_image\" \/>\n<meta name=\"twitter:site\" content=\"@forpol2\" \/>\n<meta name=\"twitter:label1\" content=\"Temps estimat de lectura\" \/>\n\t<meta name=\"twitter:data1\" content=\"2 minuts\" \/>\n<!-- \/ Yoast SEO Premium plugin. -->","yoast_head_json":{"title":"Murs de formig\u00f3 armat per a la contenci\u00f3 de terres ? Preus 2026","description":"Construcci\u00f3 de murs de formig\u00f3 armat per a la contenci\u00f3 de terres \u2705 A FORPOL pots veure tots els detalls de construcci\u00f3 dels murs","robots":{"index":"index","follow":"follow","max-snippet":"max-snippet:-1","max-image-preview":"max-image-preview:large","max-video-preview":"max-video-preview:-1"},"canonical":"https:\/\/www.forpol.es\/ca\/obras-realizadas\/murs-de-formigo-armat\/","og_locale":"ca_ES","og_type":"article","og_title":"Murs de formig\u00f3 armat","og_description":"Construcci\u00f3 de murs de formig\u00f3 armat per a la contenci\u00f3 de terres \u2705 A FORPOL pots veure tots els detalls de construcci\u00f3 dels murs","og_url":"https:\/\/www.forpol.es\/ca\/obras-realizadas\/murs-de-formigo-armat\/","og_site_name":"Forpol","article_publisher":"https:\/\/www.facebook.com\/forpolestructuras\/","article_modified_time":"2022-10-26T03:52:12+00:00","og_image":[{"width":1600,"height":1200,"url":"https:\/\/www.forpol.es\/wp-content\/uploads\/2021\/08\/OK-VIVIENDA-UNIFAMILIAR-EN-LA-LLACUNA-4.jpg","type":"image\/jpeg"}],"twitter_card":"summary_large_image","twitter_site":"@forpol2","twitter_misc":{"Temps estimat de lectura":"2 minuts"},"schema":{"@context":"https:\/\/schema.org","@graph":[{"@type":"WebPage","@id":"https:\/\/www.forpol.es\/ca\/obras-realizadas\/murs-de-formigo-armat\/","url":"https:\/\/www.forpol.es\/ca\/obras-realizadas\/murs-de-formigo-armat\/","name":"Murs de formig\u00f3 armat per a la contenci\u00f3 de terres ? Preus 2026","isPartOf":{"@id":"https:\/\/www.forpol.es\/ca\/#website"},"primaryImageOfPage":{"@id":"https:\/\/www.forpol.es\/ca\/obras-realizadas\/murs-de-formigo-armat\/#primaryimage"},"image":{"@id":"https:\/\/www.forpol.es\/ca\/obras-realizadas\/murs-de-formigo-armat\/#primaryimage"},"thumbnailUrl":"https:\/\/www.forpol.es\/wp-content\/uploads\/2021\/08\/OK-VIVIENDA-UNIFAMILIAR-EN-LA-LLACUNA-4.jpg","datePublished":"2021-08-12T11:15:21+00:00","dateModified":"2022-10-26T03:52:12+00:00","description":"Construcci\u00f3 de murs de formig\u00f3 armat per a la contenci\u00f3 de terres \u2705 A FORPOL pots veure tots els detalls de construcci\u00f3 dels murs","breadcrumb":{"@id":"https:\/\/www.forpol.es\/ca\/obras-realizadas\/murs-de-formigo-armat\/#breadcrumb"},"inLanguage":"ca","potentialAction":[{"@type":"ReadAction","target":["https:\/\/www.forpol.es\/ca\/obras-realizadas\/murs-de-formigo-armat\/"]}]},{"@type":"ImageObject","inLanguage":"ca","@id":"https:\/\/www.forpol.es\/ca\/obras-realizadas\/murs-de-formigo-armat\/#primaryimage","url":"https:\/\/www.forpol.es\/wp-content\/uploads\/2021\/08\/OK-VIVIENDA-UNIFAMILIAR-EN-LA-LLACUNA-4.jpg","contentUrl":"https:\/\/www.forpol.es\/wp-content\/uploads\/2021\/08\/OK-VIVIENDA-UNIFAMILIAR-EN-LA-LLACUNA-4.jpg","width":1600,"height":1200,"caption":"CONSTRUCCI\u00d3N DE VIVIENDA UNIFAMILIAR Muros de hormig\u00f3n armado AISLADA. MURO PRECOMUR EN LA LLACUNA"},{"@type":"BreadcrumbList","@id":"https:\/\/www.forpol.es\/ca\/obras-realizadas\/murs-de-formigo-armat\/#breadcrumb","itemListElement":[{"@type":"ListItem","position":1,"name":"Inici","item":"https:\/\/www.forpol.es\/ca\/inici\/"},{"@type":"ListItem","position":2,"name":"Murs de formig\u00f3 armat"}]},{"@type":"WebSite","@id":"https:\/\/www.forpol.es\/ca\/#website","url":"https:\/\/www.forpol.es\/ca\/","name":"Forpol","description":"Prefabricats de formig\u00f3 i estructures prefabricades","publisher":{"@id":"https:\/\/www.forpol.es\/ca\/#organization"},"potentialAction":[{"@type":"SearchAction","target":{"@type":"EntryPoint","urlTemplate":"https:\/\/www.forpol.es\/ca\/?s={search_term_string}"},"query-input":{"@type":"PropertyValueSpecification","valueRequired":true,"valueName":"search_term_string"}}],"inLanguage":"ca"},{"@type":"Organization","@id":"https:\/\/www.forpol.es\/ca\/#organization","name":"Forpol Estructuras, S.L.","alternateName":"Forpol","url":"https:\/\/www.forpol.es\/ca\/","logo":{"@type":"ImageObject","inLanguage":"ca","@id":"https:\/\/www.forpol.es\/ca\/#\/schema\/logo\/image\/","url":"https:\/\/www.forpol.es\/wp-content\/uploads\/2021\/09\/LOGO-PNG-200x75-2-e1632825250267.png","contentUrl":"https:\/\/www.forpol.es\/wp-content\/uploads\/2021\/09\/LOGO-PNG-200x75-2-e1632825250267.png","width":90,"height":34,"caption":"Forpol Estructuras, S.L."},"image":{"@id":"https:\/\/www.forpol.es\/ca\/#\/schema\/logo\/image\/"},"sameAs":["https:\/\/www.facebook.com\/forpolestructuras\/","https:\/\/x.com\/forpol2","https:\/\/www.instagram.com\/forpol_estructuras\/"]}]}},"_links":{"self":[{"href":"https:\/\/www.forpol.es\/ca\/wp-json\/wp\/v2\/obras-realizadas\/8522","targetHints":{"allow":["GET"]}}],"collection":[{"href":"https:\/\/www.forpol.es\/ca\/wp-json\/wp\/v2\/obras-realizadas"}],"about":[{"href":"https:\/\/www.forpol.es\/ca\/wp-json\/wp\/v2\/types\/obras-realizadas"}],"version-history":[{"count":0,"href":"https:\/\/www.forpol.es\/ca\/wp-json\/wp\/v2\/obras-realizadas\/8522\/revisions"}],"wp:featuredmedia":[{"embeddable":true,"href":"https:\/\/www.forpol.es\/ca\/wp-json\/wp\/v2\/media\/7629"}],"wp:attachment":[{"href":"https:\/\/www.forpol.es\/ca\/wp-json\/wp\/v2\/media?parent=8522"}],"wp:term":[{"taxonomy":"tipo","embeddable":true,"href":"https:\/\/www.forpol.es\/ca\/wp-json\/wp\/v2\/tipo?post=8522"}],"curies":[{"name":"wp","href":"https:\/\/api.w.org\/{rel}","templated":true}]}}

Murs de formigó armat

<h2>CONSTRUCCIÓ DE MURS DE FORMIGÓ ARMAT</h2>
<h3 id="cc-m-header-11311981798">CONSTRUCCIÓ D&#8217; HABITATGE UNIFAMILIAR AÏLLAT MUR DE CONTENCIÓ ARMAT</h3>
<div id="cc-m-11311981998" class="j-module n j-header ">
<p id="cc-m-header-11311981998">Murs de formigó armat:</p>
</div>
<div id="cc-m-11311982098" class="j-module n j-text ">
<h4><strong>MUR PREFABRICAT</strong></h4>
<ul>
<li>Mur prefabricat, constituït per dues llasses de 5 cm paral·</li>
<li>els gruixos del mur estan en funció de les càrregues i longituds descrites a continuació.</li>
<li>Amb bisell exterior o juntes cada 1.2 m verticalment.</li>
<li>Formigó HA-25 a les cares del prefabricat, acer B-500-S, a l&#8217; interior del prefabricat.</li>
<li>En el cas de realitzar el càlcul de fonamentació i mur pel departament tècnic de FORPOL ESTRUCTURAS, S.L. aquest s&#8217; ajustarà a la norma EHE, EFHE, Eurocódigo, NT d&#8217; estructures i bibliografia del professor J.Calavera.</li>
<li>Tolerància en qualsevol de les dimensions de les plaques + &#8211; 2 cm.</li>
</ul>
<h4 class="title single-title entry-title"><strong>Característiques mur de formigó armat:</strong></h4>
<ul>
<li>Els murs de&nbsp; formigó armat són d&#8217; un material compost proporcionant la compressió superior i resistència a la tracció.</li>
<li>D&#8217; acord amb l&#8217; Institut per a formigó armat d&#8217; acer.</li>
<li>D&#8217; ús general en la construcció de murs de contenció de terres, el mur de formigó armat és un dels materials de construcció més econòmic i duradors.</li>
</ul>
<h4><strong>Alguna de les&nbsp;característiques que té el mur de formigó armat:</strong></h4>
<ul>
<li>Els materials per construir el mur de contenció de formigó armat es pot construir arreu del món ja que els materials es poden aconseguir fàcilment.</li>
<li>No necessita res de manteniment i de la mateixa manera té molta durabilitat.</li>
<li>Té un gran volum i pes.</li>
<li>Per això és que les estructures antisísmiques estan fetes amb el millor formigó.</li>
<li>Relació alta en durabilitat-força</li>
<li>Tolerància alta de la tensió de tracció.</li>
<li>L&#8217; acer i el formigó s&#8217; adhereixen molt fortament entre si, ja que tenen aproximadament el mateix coeficient de dilatació.</li>
<li>Aquestes poden ser algunes de les millors característiques del mur de formigó armat.</li>
</ul>
<p>&nbsp;</p>
<p>HABITATGES UNIFAMILIARS AMB MUR DE FORMIGÓ ARMAT PER A LA CONTENCIÓ DE TERRES.</p>
</div>
<div id="cc-m-11311982198" class="j-module n j-spacing "></div>


<p><strong><a href="https://www.forpol.es/ca/prefabricados-hormigon/mur-prefabricat-precomur/" target="_blank" rel="noreferrer noopener">MUR PRECOMUR</a></strong></p>

<p>CONSTRUCCIÓ D&#8217;HABITATGE UNIFAMILIAR AÏLLAT -MUR DE CONTENCIÓ ARMAT-<br />
Construcció de murs de formigó armat per a la contenció de terres.<br />
A FORPOL pots veure tots els detalls de construcció dels murs</p>

<!-- This site is optimized with the Yoast SEO Premium plugin v20.12 (Yoast SEO v27.5) - https://yoast.com/product/yoast-seo-premium-wordpress/ -->
<title>Murs de formigó armat per a la contenció de terres ? Preus 2026</title>
<meta name="description" content="Construcció de murs de formigó armat per a la contenció de terres ✅ A FORPOL pots veure tots els detalls de construcció dels murs" />
<meta name="robots" content="index, follow, max-snippet:-1, max-image-preview:large, max-video-preview:-1" />
<link rel="canonical" href="https://www.forpol.es/ca/obras-realizadas/murs-de-formigo-armat/" />
<meta property="og:locale" content="ca_ES" />
<meta property="og:type" content="article" />
<meta property="og:title" content="Murs de formigó armat" />
<meta property="og:description" content="Construcció de murs de formigó armat per a la contenció de terres ✅ A FORPOL pots veure tots els detalls de construcció dels murs" />
<meta property="og:url" content="https://www.forpol.es/ca/obras-realizadas/murs-de-formigo-armat/" />
<meta property="og:site_name" content="Forpol" />
<meta property="article:publisher" content="https://www.facebook.com/forpolestructuras/" />
<meta property="article:modified_time" content="2022-10-26T03:52:12+00:00" />
<meta property="og:image" content="https://www.forpol.es/wp-content/uploads/2021/08/OK-VIVIENDA-UNIFAMILIAR-EN-LA-LLACUNA-4.jpg" />
	<meta property="og:image:width" content="1600" />
	<meta property="og:image:height" content="1200" />
	<meta property="og:image:type" content="image/jpeg" />
<meta name="twitter:card" content="summary_large_image" />
<meta name="twitter:site" content="@forpol2" />
<meta name="twitter:label1" content="Temps estimat de lectura" />
	<meta name="twitter:data1" content="2 minuts" />
<!-- / Yoast SEO Premium plugin. -->

Murs de formigó armat per a la contenció de terres ? Preus 2026

Construcció de murs de formigó armat per a la contenció de terres ✅ A FORPOL pots veure tots els detalls de construcció dels murs

CONSTRUCCIÓN DE VIVIENDA UNIFAMILIAR Muros de hormigón armado AISLADA. MURO PRECOMUR EN LA LLACUNA

Prefabricats de formigó i estructures prefabricades
