{"id":8510,"date":"2021-08-27T12:58:54","date_gmt":"2021-08-27T10:58:54","guid":{"rendered":"https:\/\/www.forpol.es\/obras-realizadas\/nau-prefabricada\/"},"modified":"2022-10-25T17:37:49","modified_gmt":"2022-10-25T15:37:49","slug":"nau-prefabricada","status":"publish","type":"obras-realizadas","link":"https:\/\/www.forpol.es\/ca\/obras-realizadas\/nau-prefabricada\/","title":{"rendered":"Nau prefabricada"},"content":{"rendered":"<h2>NAU PREFABRICADA A SANTA MARIA DEL CAM\u00cd ( ILLES BALEARS )<\/h2>\n<h3>ESTRUCTURA, TANCAMENTS i COBERTA DE LA NAU INDUSTRIAL<\/h3>\n<p>Nau prefabricada de 380 m \u00b2:<\/p>\n<ul>\n<li>Perfils d&#8217; acer laminat cargolat de bigues, pilars, corretges de coberta i fa\u00e7anes, i plaques ancoratge,<\/li>\n<li>Panell de coberta sandvitx de 30 mm prelacat, nucli de poliuret\u00e0 de 40 kg\/m3, xapes 0,4\/0,4 mm,<\/li>\n<li>Lucernaris de coberta de policarbonat cel\u00b7lular de 30 mm (11 % de coberta de la nau),<\/li>\n<li>Tancament de hastials de panell sandvitx, de 35 mm prelacat, PUR de 40 kg\/m3, xapes 0,4\/0,4 mm,<\/li>\n<li>I tancament de fald\u00f3 amb panell sandvitx de 35 mm prelacat, PUR de 40 kg\/m3, xapes 0,4\/0,4 mm,<\/li>\n<li>Rematada del carener amb xapa prelacada plegada de 0,6 mm de gruix i 62 cm de desenvolupament m\u00e0x.,<\/li>\n<li>A m\u00e9s rematada de coberta amb hastials, amb xapa prelacada plegada de 0,6 mm d&#8217; esp. i 62 cm desarr. m\u00e0x.,<\/li>\n<li>Rematada de cantonades de fa\u00e7anes i fald\u00f3 amb xapa prelacada plegada de 0,6 mm d&#8217; esp. i 62 cm desarr. m\u00e0x.,<\/li>\n<li>Canal\u00f3 de xapa simple amb boques per a baixants,<\/li>\n<li>2 baixants pvc de 8 m.,<\/li>\n<\/ul>\n<h2><strong>Hip\u00f2tesis considerades de la nau prefabricada constru\u00efda a les ( Illes Balears ):<\/strong><\/h2>\n<ul>\n<li>Dimensions exteriors:<\/li>\n<li>Ample de la nau 20,00 m. Llarg\u00e0ria 19,00 m. Al\u00e7ada de coberta (a cara exterior de pilar) 8,00 m.<\/li>\n<li>Nau adossada en un tester a nau existent.<\/li>\n<li>Localitat Santa Maria del Cam\u00ed. Al\u00e7ada topogr\u00e0fica 129 m. Zona clim\u00e0tica 5 . C\u00e0rrega de neu 32 kg\/m\u00b2.<\/li>\n<li>Nau tancada des d&#8217;un punt de vista del vent, situada en zona e\u00f2lica C, i amb grau d&#8217;aspror de l&#8217;entorn tipus 4 que es correspon amb zona de cases al voltant (casc urb\u00e0), o b\u00e9 altres naus industrials (pol\u00edgon industrial), o b\u00e9 arbres (un bosc).<\/li>\n<li>Estructura resolta amb marcs r\u00edgids. Considerada com a a\u00efllada des d&#8217; un punt de vista del foc.<\/li>\n<li>Coberta a 2 aig\u00fces. Pendent del 10% o 6 \u00b0. Al\u00e7ada del triangle del carener o hastial 1.00 m.<\/li>\n<li>Separaci\u00f3 entre p\u00f2rtics centrals 9,50 m. I separaci\u00f3 entre pilars testers 5,00 m.<\/li>\n<li>El sistema d&#8217; estructura, per a les bigues centrals de coberta, ser\u00e0 p\u00f2rtic amb cartelles de cant aprox. 36 cm.<\/li>\n<li>P\u00f2rtics centrals amb pilars tipus IPE, i bigues de coberta amb perfils tipus IPE.<\/li>\n<li>Pilars testers tipus IPE i bigues testeres tipus IPE.<\/li>\n<\/ul>\n\n\n<p><a href=\"https:\/\/www.forpol.es\/ca\/naves-prefabricadas\/naus-industrials-prefabricades\/\" target=\"_blank\" rel=\"noreferrer noopener\">Nau industrial<\/a><\/p>\n","protected":false},"excerpt":{"rendered":"<p>NAU PREFABRICADA A SANTA MARIA DEL CAM\u00cd ( ILLES BALEARS )<br \/>\nConstrucci\u00f3 de nau prefabricada amb estructura met\u00e0l\u00b7lica<br \/>\nEls millors preus de tot Espanya<br \/>\nDemana pressupost sense comprom\u00eds.<\/p>\n","protected":false},"featured_media":7657,"template":"","tipo":[78],"class_list":["post-8510","obras-realizadas","type-obras-realizadas","status-publish","has-post-thumbnail","hentry","tipo-estructures-metaliques"],"acf":[],"yoast_head":"<!-- This site is optimized with the Yoast SEO Premium plugin v20.12 (Yoast SEO v27.5) - https:\/\/yoast.com\/product\/yoast-seo-premium-wordpress\/ -->\n<title>Nau prefabricada a Illes Balears i tot Espanya \u270d Naus del 2026<\/title>\n<meta name=\"description\" content=\"Construcci\u00f3 de nau prefabricada amb estructura met\u00e0l\u00b7lica \u27a1\ufe0f els millors preus de tot Espanya ? Demana pressupost sense comprom\u00eds\" \/>\n<meta name=\"robots\" content=\"index, follow, max-snippet:-1, max-image-preview:large, max-video-preview:-1\" \/>\n<link rel=\"canonical\" href=\"https:\/\/www.forpol.es\/ca\/obras-realizadas\/nau-prefabricada\/\" \/>\n<meta property=\"og:locale\" content=\"ca_ES\" \/>\n<meta property=\"og:type\" content=\"article\" \/>\n<meta property=\"og:title\" content=\"Nau prefabricada\" \/>\n<meta property=\"og:description\" content=\"Construcci\u00f3 de nau prefabricada amb estructura met\u00e0l\u00b7lica \u27a1\ufe0f els millors preus de tot Espanya ? Demana pressupost sense comprom\u00eds\" \/>\n<meta property=\"og:url\" content=\"https:\/\/www.forpol.es\/ca\/obras-realizadas\/nau-prefabricada\/\" \/>\n<meta property=\"og:site_name\" content=\"Forpol\" \/>\n<meta property=\"article:publisher\" content=\"https:\/\/www.facebook.com\/forpolestructuras\/\" \/>\n<meta property=\"article:modified_time\" content=\"2022-10-25T15:37:49+00:00\" \/>\n<meta property=\"og:image\" content=\"https:\/\/www.forpol.es\/wp-content\/uploads\/2021\/08\/ok-4137-4.jpg\" \/>\n\t<meta property=\"og:image:width\" content=\"1600\" \/>\n\t<meta property=\"og:image:height\" content=\"1200\" \/>\n\t<meta property=\"og:image:type\" content=\"image\/jpeg\" \/>\n<meta name=\"twitter:card\" content=\"summary_large_image\" \/>\n<meta name=\"twitter:site\" content=\"@forpol2\" \/>\n<meta name=\"twitter:label1\" content=\"Temps estimat de lectura\" \/>\n\t<meta name=\"twitter:data1\" content=\"2 minuts\" \/>\n<!-- \/ Yoast SEO Premium plugin. -->","yoast_head_json":{"title":"Nau prefabricada a Illes Balears i tot Espanya \u270d Naus del 2026","description":"Construcci\u00f3 de nau prefabricada amb estructura met\u00e0l\u00b7lica \u27a1\ufe0f els millors preus de tot Espanya ? Demana pressupost sense comprom\u00eds","robots":{"index":"index","follow":"follow","max-snippet":"max-snippet:-1","max-image-preview":"max-image-preview:large","max-video-preview":"max-video-preview:-1"},"canonical":"https:\/\/www.forpol.es\/ca\/obras-realizadas\/nau-prefabricada\/","og_locale":"ca_ES","og_type":"article","og_title":"Nau prefabricada","og_description":"Construcci\u00f3 de nau prefabricada amb estructura met\u00e0l\u00b7lica \u27a1\ufe0f els millors preus de tot Espanya ? Demana pressupost sense comprom\u00eds","og_url":"https:\/\/www.forpol.es\/ca\/obras-realizadas\/nau-prefabricada\/","og_site_name":"Forpol","article_publisher":"https:\/\/www.facebook.com\/forpolestructuras\/","article_modified_time":"2022-10-25T15:37:49+00:00","og_image":[{"width":1600,"height":1200,"url":"https:\/\/www.forpol.es\/wp-content\/uploads\/2021\/08\/ok-4137-4.jpg","type":"image\/jpeg"}],"twitter_card":"summary_large_image","twitter_site":"@forpol2","twitter_misc":{"Temps estimat de lectura":"2 minuts"},"schema":{"@context":"https:\/\/schema.org","@graph":[{"@type":"WebPage","@id":"https:\/\/www.forpol.es\/ca\/obras-realizadas\/nau-prefabricada\/","url":"https:\/\/www.forpol.es\/ca\/obras-realizadas\/nau-prefabricada\/","name":"Nau prefabricada a Illes Balears i tot Espanya \u270d Naus del 2026","isPartOf":{"@id":"https:\/\/www.forpol.es\/ca\/#website"},"primaryImageOfPage":{"@id":"https:\/\/www.forpol.es\/ca\/obras-realizadas\/nau-prefabricada\/#primaryimage"},"image":{"@id":"https:\/\/www.forpol.es\/ca\/obras-realizadas\/nau-prefabricada\/#primaryimage"},"thumbnailUrl":"https:\/\/www.forpol.es\/wp-content\/uploads\/2021\/08\/ok-4137-4.jpg","datePublished":"2021-08-27T10:58:54+00:00","dateModified":"2022-10-25T15:37:49+00:00","description":"Construcci\u00f3 de nau prefabricada amb estructura met\u00e0l\u00b7lica \u27a1\ufe0f els millors preus de tot Espanya ? Demana pressupost sense comprom\u00eds","breadcrumb":{"@id":"https:\/\/www.forpol.es\/ca\/obras-realizadas\/nau-prefabricada\/#breadcrumb"},"inLanguage":"ca","potentialAction":[{"@type":"ReadAction","target":["https:\/\/www.forpol.es\/ca\/obras-realizadas\/nau-prefabricada\/"]}]},{"@type":"ImageObject","inLanguage":"ca","@id":"https:\/\/www.forpol.es\/ca\/obras-realizadas\/nau-prefabricada\/#primaryimage","url":"https:\/\/www.forpol.es\/wp-content\/uploads\/2021\/08\/ok-4137-4.jpg","contentUrl":"https:\/\/www.forpol.es\/wp-content\/uploads\/2021\/08\/ok-4137-4.jpg","width":1600,"height":1200,"caption":"Nave prefabricada en Illes balears"},{"@type":"BreadcrumbList","@id":"https:\/\/www.forpol.es\/ca\/obras-realizadas\/nau-prefabricada\/#breadcrumb","itemListElement":[{"@type":"ListItem","position":1,"name":"Inici","item":"https:\/\/www.forpol.es\/ca\/inici\/"},{"@type":"ListItem","position":2,"name":"Nau prefabricada"}]},{"@type":"WebSite","@id":"https:\/\/www.forpol.es\/ca\/#website","url":"https:\/\/www.forpol.es\/ca\/","name":"Forpol","description":"Prefabricats de formig\u00f3 i estructures prefabricades","publisher":{"@id":"https:\/\/www.forpol.es\/ca\/#organization"},"potentialAction":[{"@type":"SearchAction","target":{"@type":"EntryPoint","urlTemplate":"https:\/\/www.forpol.es\/ca\/?s={search_term_string}"},"query-input":{"@type":"PropertyValueSpecification","valueRequired":true,"valueName":"search_term_string"}}],"inLanguage":"ca"},{"@type":"Organization","@id":"https:\/\/www.forpol.es\/ca\/#organization","name":"Forpol Estructuras, S.L.","alternateName":"Forpol","url":"https:\/\/www.forpol.es\/ca\/","logo":{"@type":"ImageObject","inLanguage":"ca","@id":"https:\/\/www.forpol.es\/ca\/#\/schema\/logo\/image\/","url":"https:\/\/www.forpol.es\/wp-content\/uploads\/2021\/09\/LOGO-PNG-200x75-2-e1632825250267.png","contentUrl":"https:\/\/www.forpol.es\/wp-content\/uploads\/2021\/09\/LOGO-PNG-200x75-2-e1632825250267.png","width":90,"height":34,"caption":"Forpol Estructuras, S.L."},"image":{"@id":"https:\/\/www.forpol.es\/ca\/#\/schema\/logo\/image\/"},"sameAs":["https:\/\/www.facebook.com\/forpolestructuras\/","https:\/\/x.com\/forpol2","https:\/\/www.instagram.com\/forpol_estructuras\/"]}]}},"_links":{"self":[{"href":"https:\/\/www.forpol.es\/ca\/wp-json\/wp\/v2\/obras-realizadas\/8510","targetHints":{"allow":["GET"]}}],"collection":[{"href":"https:\/\/www.forpol.es\/ca\/wp-json\/wp\/v2\/obras-realizadas"}],"about":[{"href":"https:\/\/www.forpol.es\/ca\/wp-json\/wp\/v2\/types\/obras-realizadas"}],"version-history":[{"count":0,"href":"https:\/\/www.forpol.es\/ca\/wp-json\/wp\/v2\/obras-realizadas\/8510\/revisions"}],"wp:featuredmedia":[{"embeddable":true,"href":"https:\/\/www.forpol.es\/ca\/wp-json\/wp\/v2\/media\/7657"}],"wp:attachment":[{"href":"https:\/\/www.forpol.es\/ca\/wp-json\/wp\/v2\/media?parent=8510"}],"wp:term":[{"taxonomy":"tipo","embeddable":true,"href":"https:\/\/www.forpol.es\/ca\/wp-json\/wp\/v2\/tipo?post=8510"}],"curies":[{"name":"wp","href":"https:\/\/api.w.org\/{rel}","templated":true}]}}

<h2>NAU PREFABRICADA A SANTA MARIA DEL CAMÍ ( ILLES BALEARS )</h2>
<h3>ESTRUCTURA, TANCAMENTS i COBERTA DE LA NAU INDUSTRIAL</h3>
<p>Nau prefabricada de 380 m ²:</p>
<ul>
<li>Perfils d&#8217; acer laminat cargolat de bigues, pilars, corretges de coberta i façanes, i plaques ancoratge,</li>
<li>Panell de coberta sandvitx de 30 mm prelacat, nucli de poliuretà de 40 kg/m3, xapes 0,4/0,4 mm,</li>
<li>Lucernaris de coberta de policarbonat cel·lular de 30 mm (11 % de coberta de la nau),</li>
<li>Tancament de hastials de panell sandvitx, de 35 mm prelacat, PUR de 40 kg/m3, xapes 0,4/0,4 mm,</li>
<li>I tancament de faldó amb panell sandvitx de 35 mm prelacat, PUR de 40 kg/m3, xapes 0,4/0,4 mm,</li>
<li>Rematada del carener amb xapa prelacada plegada de 0,6 mm de gruix i 62 cm de desenvolupament màx.,</li>
<li>A més rematada de coberta amb hastials, amb xapa prelacada plegada de 0,6 mm d&#8217; esp. i 62 cm desarr. màx.,</li>
<li>Rematada de cantonades de façanes i faldó amb xapa prelacada plegada de 0,6 mm d&#8217; esp. i 62 cm desarr. màx.,</li>
<li>Canaló de xapa simple amb boques per a baixants,</li>
<li>2 baixants pvc de 8 m.,</li>
</ul>
<h2><strong>Hipòtesis considerades de la nau prefabricada construïda a les ( Illes Balears ):</strong></h2>
<ul>
<li>Dimensions exteriors:</li>
<li>Ample de la nau 20,00 m. Llargària 19,00 m. Alçada de coberta (a cara exterior de pilar) 8,00 m.</li>
<li>Nau adossada en un tester a nau existent.</li>
<li>Localitat Santa Maria del Camí. Alçada topogràfica 129 m. Zona climàtica 5 . Càrrega de neu 32 kg/m².</li>
<li>Nau tancada des d&#8217;un punt de vista del vent, situada en zona eòlica C, i amb grau d&#8217;aspror de l&#8217;entorn tipus 4 que es correspon amb zona de cases al voltant (casc urbà), o bé altres naus industrials (polígon industrial), o bé arbres (un bosc).</li>
<li>Estructura resolta amb marcs rígids. Considerada com a aïllada des d&#8217; un punt de vista del foc.</li>
<li>Coberta a 2 aigües. Pendent del 10% o 6 °. Alçada del triangle del carener o hastial 1.00 m.</li>
<li>Separació entre pòrtics centrals 9,50 m. I separació entre pilars testers 5,00 m.</li>
<li>El sistema d&#8217; estructura, per a les bigues centrals de coberta, serà pòrtic amb cartelles de cant aprox. 36 cm.</li>
<li>Pòrtics centrals amb pilars tipus IPE, i bigues de coberta amb perfils tipus IPE.</li>
<li>Pilars testers tipus IPE i bigues testeres tipus IPE.</li>
</ul>


<p><a href="https://www.forpol.es/ca/naves-prefabricadas/naus-industrials-prefabricades/" target="_blank" rel="noreferrer noopener">Nau industrial</a></p>

<p>NAU PREFABRICADA A SANTA MARIA DEL CAMÍ ( ILLES BALEARS )<br />
Construcció de nau prefabricada amb estructura metàl·lica<br />
Els millors preus de tot Espanya<br />
Demana pressupost sense compromís.</p>

<!-- This site is optimized with the Yoast SEO Premium plugin v20.12 (Yoast SEO v27.5) - https://yoast.com/product/yoast-seo-premium-wordpress/ -->
<title>Nau prefabricada a Illes Balears i tot Espanya ✍ Naus del 2026</title>
<meta name="description" content="Construcció de nau prefabricada amb estructura metàl·lica ➡️ els millors preus de tot Espanya ? Demana pressupost sense compromís" />
<meta name="robots" content="index, follow, max-snippet:-1, max-image-preview:large, max-video-preview:-1" />
<link rel="canonical" href="https://www.forpol.es/ca/obras-realizadas/nau-prefabricada/" />
<meta property="og:locale" content="ca_ES" />
<meta property="og:type" content="article" />
<meta property="og:title" content="Nau prefabricada" />
<meta property="og:description" content="Construcció de nau prefabricada amb estructura metàl·lica ➡️ els millors preus de tot Espanya ? Demana pressupost sense compromís" />
<meta property="og:url" content="https://www.forpol.es/ca/obras-realizadas/nau-prefabricada/" />
<meta property="og:site_name" content="Forpol" />
<meta property="article:publisher" content="https://www.facebook.com/forpolestructuras/" />
<meta property="article:modified_time" content="2022-10-25T15:37:49+00:00" />
<meta property="og:image" content="https://www.forpol.es/wp-content/uploads/2021/08/ok-4137-4.jpg" />
	<meta property="og:image:width" content="1600" />
	<meta property="og:image:height" content="1200" />
	<meta property="og:image:type" content="image/jpeg" />
<meta name="twitter:card" content="summary_large_image" />
<meta name="twitter:site" content="@forpol2" />
<meta name="twitter:label1" content="Temps estimat de lectura" />
	<meta name="twitter:data1" content="2 minuts" />
<!-- / Yoast SEO Premium plugin. -->

Construcció de nau prefabricada amb estructura metàl·lica ➡️ els millors preus de tot Espanya ? Demana pressupost sense compromís

Prefabricats de formigó i estructures prefabricades
