{"id":8445,"date":"2022-05-30T09:44:48","date_gmt":"2022-05-30T07:44:48","guid":{"rendered":"https:\/\/www.forpol.es\/obras-realizadas\/casetes-prefabricades-de-formigo-preus\/"},"modified":"2024-05-21T16:59:17","modified_gmt":"2024-05-21T14:59:17","slug":"casetes-prefabricades-de-formigo-preus","status":"publish","type":"obras-realizadas","link":"https:\/\/www.forpol.es\/ca\/obras-realizadas\/casetes-prefabricades-de-formigo-preus\/","title":{"rendered":"Casetes prefabricades de formig\u00f3 preus"},"content":{"rendered":"\n<h2 class=\"wp-block-heading\" id=\"h-construccion-de-casetas-prefabricadas-de-hormigon-precios-2022\">Construcci\u00f3 de casetes prefabricades de formig\u00f3 preus 2022<\/h2>\n\n\n\n<h3 class=\"wp-block-heading\">Els millors preus de tot Espanya, casetes prefabricades de formig\u00f3 preus econ\u00f2mics<\/h3>\n\n\n\n<p>Casetes prefabricades de formig\u00f3 preus:<\/p>\n\n\n\n<span class=\"collapseomatic \" id=\"id69f414de1aaeb\"  tabindex=\"0\" title=\"Llegir m\u00e9s\"    >Llegir m\u00e9s<\/span><div id=\"target-id69f414de1aaeb\" class=\"collapseomatic_content \">\n\n\n\n<p>A FORPOL disposem d\u00b4una \u00e0mplia gamma en casetes prefabricades de formig\u00f3 i amb els millors preus. <a href=\"https:\/\/www.forpol.es\/ca\/prefabricados-hormigon\/casetes-de-formigo\/\" target=\"_blank\" rel=\"noreferrer noopener\">veure preus<\/a><\/p>\n\n\n\n<p><strong>Caseta de formig\u00f3<\/strong> de 4 m. d&#8217;ample 5,15 m. de llarg y 3 m. d&#8217;al\u00e7ada.<\/p>\n\n\n\n<div class=\"wp-block-group is-layout-flow wp-block-group-is-layout-flow\">\n<div class=\"wp-block-group is-layout-flow wp-block-group-is-layout-flow\">\n<ul class=\"wp-block-list\"><li>Panells de tancament de 20 cm.<\/li><li>Panell de coberta de formig\u00f3 amb 2 arracades.<\/li><li>Caseta totalment di\u00e0fana per dins.<\/li><li>3 buits de portes i finestres.<\/li><\/ul>\n\n\n\n<p><\/p>\n<\/div>\n<\/div>\n\n\n\n<h4 class=\"wp-block-heading\">Casetes prefabricades de formig\u00f3 preus 2022<\/h4>\n\n\n\n<p><a href=\"https:\/\/www.forpol.es\/ca\/prefabricados-hormigon\/casetes-de-formigo\/\" target=\"_blank\" rel=\"noreferrer noopener\">Casetes de Formig\u00f3 FORPOL<\/a><\/p>\n\n\n\n<\/div>\n","protected":false},"excerpt":{"rendered":"<p>Casetes prefabricades de formig\u00f3 preus econ\u00f2mics, \u261d Construcci\u00f3 de casetes al millor preu de tot Espanya. Casetes de formig\u00f3 de qualitat<\/p>\n","protected":false},"featured_media":8330,"template":"","tipo":[76],"class_list":["post-8445","obras-realizadas","type-obras-realizadas","status-publish","has-post-thumbnail","hentry","tipo-prefabricats-de-formigo"],"acf":[],"yoast_head":"<!-- This site is optimized with the Yoast SEO Premium plugin v20.12 (Yoast SEO v27.5) - https:\/\/yoast.com\/product\/yoast-seo-premium-wordpress\/ -->\n<title>Casetes prefabricades de formig\u00f3 preus \u2705 2022\u3010FORPOL\u3011<\/title>\n<meta name=\"description\" content=\"Casetes prefabricades de formig\u00f3 preus econ\u00f2mics \u261d Construcci\u00f3 de casetes al millor preu de tot Espanya. Casetes de formig\u00f3 de qualitat\" \/>\n<meta name=\"robots\" content=\"index, follow, max-snippet:-1, max-image-preview:large, max-video-preview:-1\" \/>\n<link rel=\"canonical\" href=\"https:\/\/www.forpol.es\/ca\/obras-realizadas\/casetes-prefabricades-de-formigo-preus\/\" \/>\n<meta property=\"og:locale\" content=\"ca_ES\" \/>\n<meta property=\"og:type\" content=\"article\" \/>\n<meta property=\"og:title\" content=\"Casetes prefabricades de formig\u00f3 preus\" \/>\n<meta property=\"og:description\" content=\"Casetes prefabricades de formig\u00f3 preus econ\u00f2mics \u261d Construcci\u00f3 de casetes al millor preu de tot Espanya. Casetes de formig\u00f3 de qualitat\" \/>\n<meta property=\"og:url\" content=\"https:\/\/www.forpol.es\/ca\/obras-realizadas\/casetes-prefabricades-de-formigo-preus\/\" \/>\n<meta property=\"og:site_name\" content=\"Forpol\" \/>\n<meta property=\"article:publisher\" content=\"https:\/\/www.facebook.com\/forpolestructuras\/\" \/>\n<meta property=\"article:modified_time\" content=\"2024-05-21T14:59:17+00:00\" \/>\n<meta property=\"og:image\" content=\"https:\/\/www.forpol.es\/wp-content\/uploads\/2022\/05\/casetas-prefabricadas-de-hormigon-precios-slider.jpg\" \/>\n\t<meta property=\"og:image:width\" content=\"1300\" \/>\n\t<meta property=\"og:image:height\" content=\"590\" \/>\n\t<meta property=\"og:image:type\" content=\"image\/jpeg\" \/>\n<meta name=\"twitter:card\" content=\"summary_large_image\" \/>\n<meta name=\"twitter:site\" content=\"@forpol2\" \/>\n<meta name=\"twitter:label1\" content=\"Temps estimat de lectura\" \/>\n\t<meta name=\"twitter:data1\" content=\"1 minut\" \/>\n<!-- \/ Yoast SEO Premium plugin. -->","yoast_head_json":{"title":"Casetes prefabricades de formig\u00f3 preus \u2705 2022\u3010FORPOL\u3011","description":"Casetes prefabricades de formig\u00f3 preus econ\u00f2mics \u261d Construcci\u00f3 de casetes al millor preu de tot Espanya. Casetes de formig\u00f3 de qualitat","robots":{"index":"index","follow":"follow","max-snippet":"max-snippet:-1","max-image-preview":"max-image-preview:large","max-video-preview":"max-video-preview:-1"},"canonical":"https:\/\/www.forpol.es\/ca\/obras-realizadas\/casetes-prefabricades-de-formigo-preus\/","og_locale":"ca_ES","og_type":"article","og_title":"Casetes prefabricades de formig\u00f3 preus","og_description":"Casetes prefabricades de formig\u00f3 preus econ\u00f2mics \u261d Construcci\u00f3 de casetes al millor preu de tot Espanya. Casetes de formig\u00f3 de qualitat","og_url":"https:\/\/www.forpol.es\/ca\/obras-realizadas\/casetes-prefabricades-de-formigo-preus\/","og_site_name":"Forpol","article_publisher":"https:\/\/www.facebook.com\/forpolestructuras\/","article_modified_time":"2024-05-21T14:59:17+00:00","og_image":[{"width":1300,"height":590,"url":"https:\/\/www.forpol.es\/wp-content\/uploads\/2022\/05\/casetas-prefabricadas-de-hormigon-precios-slider.jpg","type":"image\/jpeg"}],"twitter_card":"summary_large_image","twitter_site":"@forpol2","twitter_misc":{"Temps estimat de lectura":"1 minut"},"schema":{"@context":"https:\/\/schema.org","@graph":[{"@type":"WebPage","@id":"https:\/\/www.forpol.es\/ca\/obras-realizadas\/casetes-prefabricades-de-formigo-preus\/","url":"https:\/\/www.forpol.es\/ca\/obras-realizadas\/casetes-prefabricades-de-formigo-preus\/","name":"Casetes prefabricades de formig\u00f3 preus \u2705 2022\u3010FORPOL\u3011","isPartOf":{"@id":"https:\/\/www.forpol.es\/ca\/#website"},"primaryImageOfPage":{"@id":"https:\/\/www.forpol.es\/ca\/obras-realizadas\/casetes-prefabricades-de-formigo-preus\/#primaryimage"},"image":{"@id":"https:\/\/www.forpol.es\/ca\/obras-realizadas\/casetes-prefabricades-de-formigo-preus\/#primaryimage"},"thumbnailUrl":"https:\/\/www.forpol.es\/wp-content\/uploads\/2022\/05\/casetas-prefabricadas-de-hormigon-precios-slider.jpg","datePublished":"2022-05-30T07:44:48+00:00","dateModified":"2024-05-21T14:59:17+00:00","description":"Casetes prefabricades de formig\u00f3 preus econ\u00f2mics \u261d Construcci\u00f3 de casetes al millor preu de tot Espanya. Casetes de formig\u00f3 de qualitat","breadcrumb":{"@id":"https:\/\/www.forpol.es\/ca\/obras-realizadas\/casetes-prefabricades-de-formigo-preus\/#breadcrumb"},"inLanguage":"ca","potentialAction":[{"@type":"ReadAction","target":["https:\/\/www.forpol.es\/ca\/obras-realizadas\/casetes-prefabricades-de-formigo-preus\/"]}]},{"@type":"ImageObject","inLanguage":"ca","@id":"https:\/\/www.forpol.es\/ca\/obras-realizadas\/casetes-prefabricades-de-formigo-preus\/#primaryimage","url":"https:\/\/www.forpol.es\/wp-content\/uploads\/2022\/05\/casetas-prefabricadas-de-hormigon-precios-slider.jpg","contentUrl":"https:\/\/www.forpol.es\/wp-content\/uploads\/2022\/05\/casetas-prefabricadas-de-hormigon-precios-slider.jpg","width":1300,"height":590,"caption":"casetas prefabricadas de hormig\u00f3n precios slider"},{"@type":"BreadcrumbList","@id":"https:\/\/www.forpol.es\/ca\/obras-realizadas\/casetes-prefabricades-de-formigo-preus\/#breadcrumb","itemListElement":[{"@type":"ListItem","position":1,"name":"Inici","item":"https:\/\/www.forpol.es\/ca\/inici\/"},{"@type":"ListItem","position":2,"name":"Casetes prefabricades de formig\u00f3 preus"}]},{"@type":"WebSite","@id":"https:\/\/www.forpol.es\/ca\/#website","url":"https:\/\/www.forpol.es\/ca\/","name":"Forpol","description":"Prefabricats de formig\u00f3 i estructures prefabricades","publisher":{"@id":"https:\/\/www.forpol.es\/ca\/#organization"},"potentialAction":[{"@type":"SearchAction","target":{"@type":"EntryPoint","urlTemplate":"https:\/\/www.forpol.es\/ca\/?s={search_term_string}"},"query-input":{"@type":"PropertyValueSpecification","valueRequired":true,"valueName":"search_term_string"}}],"inLanguage":"ca"},{"@type":"Organization","@id":"https:\/\/www.forpol.es\/ca\/#organization","name":"Forpol Estructuras, S.L.","alternateName":"Forpol","url":"https:\/\/www.forpol.es\/ca\/","logo":{"@type":"ImageObject","inLanguage":"ca","@id":"https:\/\/www.forpol.es\/ca\/#\/schema\/logo\/image\/","url":"https:\/\/www.forpol.es\/wp-content\/uploads\/2021\/09\/LOGO-PNG-200x75-2-e1632825250267.png","contentUrl":"https:\/\/www.forpol.es\/wp-content\/uploads\/2021\/09\/LOGO-PNG-200x75-2-e1632825250267.png","width":90,"height":34,"caption":"Forpol Estructuras, S.L."},"image":{"@id":"https:\/\/www.forpol.es\/ca\/#\/schema\/logo\/image\/"},"sameAs":["https:\/\/www.facebook.com\/forpolestructuras\/","https:\/\/x.com\/forpol2","https:\/\/www.instagram.com\/forpol_estructuras\/"]}]}},"_links":{"self":[{"href":"https:\/\/www.forpol.es\/ca\/wp-json\/wp\/v2\/obras-realizadas\/8445","targetHints":{"allow":["GET"]}}],"collection":[{"href":"https:\/\/www.forpol.es\/ca\/wp-json\/wp\/v2\/obras-realizadas"}],"about":[{"href":"https:\/\/www.forpol.es\/ca\/wp-json\/wp\/v2\/types\/obras-realizadas"}],"version-history":[{"count":0,"href":"https:\/\/www.forpol.es\/ca\/wp-json\/wp\/v2\/obras-realizadas\/8445\/revisions"}],"wp:featuredmedia":[{"embeddable":true,"href":"https:\/\/www.forpol.es\/ca\/wp-json\/wp\/v2\/media\/8330"}],"wp:attachment":[{"href":"https:\/\/www.forpol.es\/ca\/wp-json\/wp\/v2\/media?parent=8445"}],"wp:term":[{"taxonomy":"tipo","embeddable":true,"href":"https:\/\/www.forpol.es\/ca\/wp-json\/wp\/v2\/tipo?post=8445"}],"curies":[{"name":"wp","href":"https:\/\/api.w.org\/{rel}","templated":true}]}}

Casetes prefabricades de formigó preus

<h2 class="wp-block-heading" id="h-construccion-de-casetas-prefabricadas-de-hormigon-precios-2022">Construcció de casetes prefabricades de formigó preus 2022</h2>



<h3 class="wp-block-heading">Els millors preus de tot Espanya, casetes prefabricades de formigó preus econòmics</h3>



<p>Casetes prefabricades de formigó preus:</p>



<span class="collapseomatic " id="id69f414de1aaeb"  tabindex="0" title="Llegir més"    >Llegir més</span><div id="target-id69f414de1aaeb" class="collapseomatic_content ">



<p>A FORPOL disposem d´una àmplia gamma en casetes prefabricades de formigó i amb els millors preus. <a href="https://www.forpol.es/ca/prefabricados-hormigon/casetes-de-formigo/" target="_blank" rel="noreferrer noopener">veure preus</a></p>



<p><strong>Caseta de formigó</strong> de 4 m. d&#8217;ample 5,15 m. de llarg y 3 m. d&#8217;alçada.</p>



<div class="wp-block-group is-layout-flow wp-block-group-is-layout-flow">
<div class="wp-block-group is-layout-flow wp-block-group-is-layout-flow">
<ul class="wp-block-list"><li>Panells de tancament de 20 cm.</li><li>Panell de coberta de formigó amb 2 arracades.</li><li>Caseta totalment diàfana per dins.</li><li>3 buits de portes i finestres.</li></ul>



<p></p>
</div>
</div>



<h4 class="wp-block-heading">Casetes prefabricades de formigó preus 2022</h4>



<p><a href="https://www.forpol.es/ca/prefabricados-hormigon/casetes-de-formigo/" target="_blank" rel="noreferrer noopener">Casetes de Formigó FORPOL</a></p>



</div>

<p>Casetes prefabricades de formigó preus econòmics, ☝ Construcció de casetes al millor preu de tot Espanya. Casetes de formigó de qualitat</p>

<!-- This site is optimized with the Yoast SEO Premium plugin v20.12 (Yoast SEO v27.5) - https://yoast.com/product/yoast-seo-premium-wordpress/ -->
<title>Casetes prefabricades de formigó preus ✅ 2022【FORPOL】</title>
<meta name="description" content="Casetes prefabricades de formigó preus econòmics ☝ Construcció de casetes al millor preu de tot Espanya. Casetes de formigó de qualitat" />
<meta name="robots" content="index, follow, max-snippet:-1, max-image-preview:large, max-video-preview:-1" />
<link rel="canonical" href="https://www.forpol.es/ca/obras-realizadas/casetes-prefabricades-de-formigo-preus/" />
<meta property="og:locale" content="ca_ES" />
<meta property="og:type" content="article" />
<meta property="og:title" content="Casetes prefabricades de formigó preus" />
<meta property="og:description" content="Casetes prefabricades de formigó preus econòmics ☝ Construcció de casetes al millor preu de tot Espanya. Casetes de formigó de qualitat" />
<meta property="og:url" content="https://www.forpol.es/ca/obras-realizadas/casetes-prefabricades-de-formigo-preus/" />
<meta property="og:site_name" content="Forpol" />
<meta property="article:publisher" content="https://www.facebook.com/forpolestructuras/" />
<meta property="article:modified_time" content="2024-05-21T14:59:17+00:00" />
<meta property="og:image" content="https://www.forpol.es/wp-content/uploads/2022/05/casetas-prefabricadas-de-hormigon-precios-slider.jpg" />
	<meta property="og:image:width" content="1300" />
	<meta property="og:image:height" content="590" />
	<meta property="og:image:type" content="image/jpeg" />
<meta name="twitter:card" content="summary_large_image" />
<meta name="twitter:site" content="@forpol2" />
<meta name="twitter:label1" content="Temps estimat de lectura" />
	<meta name="twitter:data1" content="1 minut" />
<!-- / Yoast SEO Premium plugin. -->

Casetes prefabricades de formigó preus ✅ 2022【FORPOL】

Casetes prefabricades de formigó preus econòmics ☝ Construcció de casetes al millor preu de tot Espanya. Casetes de formigó de qualitat

casetas prefabricadas de hormigón precios slider

Prefabricats de formigó i estructures prefabricades
